{"id":1421,"date":"2023-07-21T09:02:48","date_gmt":"2023-07-21T09:02:48","guid":{"rendered":"https:\/\/www.toplinemd.com\/derm-360\/?page_id=1421"},"modified":"2025-05-23T22:42:53","modified_gmt":"2025-05-23T22:42:53","slug":"accepted-insurance","status":"publish","type":"page","link":"https:\/\/www.toplinemd.com\/derm-360\/accepted-insurance\/","title":{"rendered":"Accepted Insurance"},"content":{"rendered":"<p><div class=\"fusion-fullwidth fullwidth-box fusion-builder-row-1 fusion-parallax-none nonhundred-percent-fullwidth non-hundred-percent-height-scrolling prim-care1-home-sec1\" style=\"--awb-border-radius-top-left:0px;--awb-border-radius-top-right:0px;--awb-border-radius-bottom-right:0px;--awb-border-radius-bottom-left:0px;--awb-padding-top:80px;--awb-padding-bottom:80px;--awb-background-image:linear-gradient(180deg, rgba(0,0,0,0.2) 0%,rgba(0,0,0,0.2) 100%),url(https:\/\/www.toplinemd.com\/derm-360\/wp-content\/uploads\/sites\/278\/2023\/07\/patient-resources.jpg);;--awb-background-size:cover;--awb-flex-wrap:wrap;\" ><div class=\"fusion-builder-row fusion-row\"><div class=\"fusion-layout-column fusion_builder_column fusion-builder-column-0 fusion_builder_column_1_1 1_1 fusion-one-full fusion-column-first fusion-column-last fusion-animated\" style=\"--awb-bg-size:cover;\" data-animationType=\"fadeInLeft\" data-animationDuration=\"0.6\" data-animationOffset=\"top-into-view\"><div class=\"fusion-column-wrapper fusion-column-has-shadow fusion-flex-column-wrapper-legacy\"><div class=\"fusion-title title fusion-title-1 fusion-sep-none fusion-title-center fusion-title-text fusion-title-size-one\" style=\"--awb-text-color:#ffffff;\"><h1 class=\"fusion-title-heading title-heading-center fusion-responsive-typography-calculated\" style=\"margin:0;--fontSize:50;line-height:1.4;\">Accepted Insurance <span class=\"subtitle\">at Derm 360<\/span><\/h1><\/div><div class=\"fusion-clearfix\"><\/div><\/div><\/div><\/div><\/div><div class=\"fusion-fullwidth fullwidth-box fusion-builder-row-2 fusion-flex-container nonhundred-percent-fullwidth non-hundred-percent-height-scrolling\" style=\"--awb-border-radius-top-left:0px;--awb-border-radius-top-right:0px;--awb-border-radius-bottom-right:0px;--awb-border-radius-bottom-left:0px;--awb-padding-top:6%;--awb-padding-bottom:6%;--awb-flex-wrap:wrap;\" ><div class=\"fusion-builder-row fusion-row fusion-flex-align-items-flex-start fusion-flex-content-wrap\" style=\"max-width:1248px;margin-left: calc(-4% \/ 2 );margin-right: calc(-4% \/ 2 );\"><div class=\"fusion-layout-column fusion_builder_column fusion-builder-column-1 fusion_builder_column_1_1 1_1 fusion-flex-column\" style=\"--awb-bg-size:cover;--awb-width-large:100%;--awb-margin-top-large:0px;--awb-spacing-right-large:1.92%;--awb-margin-bottom-large:0px;--awb-spacing-left-large:1.92%;--awb-width-medium:100%;--awb-order-medium:0;--awb-spacing-right-medium:1.92%;--awb-spacing-left-medium:1.92%;--awb-width-small:100%;--awb-order-small:0;--awb-spacing-right-small:1.92%;--awb-spacing-left-small:1.92%;\"><div class=\"fusion-column-wrapper fusion-column-has-shadow fusion-flex-justify-content-flex-start fusion-content-layout-column\"><div class=\"ai-list\">\n\n    <div class=\"ai-info\">\n        <img decoding=\"async\" src=\"https:\/\/www.toplinemd.com\/wp-content\/uploads\/2023\/07\/Aetna.png\" alt=\"Aetna logo\">\n        <small>Aetna<\/small>\n    <\/div>\n\n    <div class=\"ai-info\">\n        <img decoding=\"async\" src=\"https:\/\/www.toplinemd.com\/wp-content\/uploads\/2023\/07\/aetna-medicare-solutions.jpg\" alt=\"aetna medicare solutions logo\">\n        <small>Aetna Medicare<\/small>\n    <\/div>\n\n    <div class=\"ai-info\">\n        <img decoding=\"async\" src=\"https:\/\/www.toplinemd.com\/wp-content\/uploads\/2023\/07\/ameri-plan.png\" alt=\"ameri plan logo\">\n        <small>Ameri Plan<\/small>\n    <\/div>\n\n    <div class=\"ai-info\">\n        <img decoding=\"async\" src=\"https:\/\/www.toplinemd.com\/wp-content\/uploads\/2023\/07\/AvMed.png\" alt=\"AvMed logo\">\n        <small>AvMed<\/small>\n    <\/div>\n\n    <div class=\"ai-info\">\n        <img decoding=\"async\" src=\"https:\/\/www.toplinemd.com\/wp-content\/uploads\/2023\/07\/Beech-Street.png\" alt=\"Beech-Street logo\">\n        <small>BeechStreet<\/small>\n    <\/div>\n\n    <div class=\"ai-info\">\n        <img decoding=\"async\" src=\"https:\/\/www.toplinemd.com\/wp-content\/uploads\/2023\/07\/Florida-Blue.png\" alt=\"Florida Blue logo\">\n        <small>Florida Blue<\/small>\n    <\/div>\n\n    <div class=\"ai-info\">\n        <img decoding=\"async\" src=\"https:\/\/www.toplinemd.com\/wp-content\/uploads\/2023\/07\/Florida-Blue.png\" alt=\"Blue cross blue shield logo\">\n        <small>Florida Blue Medicare DNS<\/small>\n    <\/div>\n\n    <div class=\"ai-info\">\n        <img decoding=\"async\" src=\"https:\/\/www.toplinemd.com\/wp-content\/uploads\/2023\/07\/Cigna.png\" alt=\"cigna logo\">\n        <small>Cigna<\/small>\n    <\/div>\n\n    <div class=\"ai-info\">\n        <img decoding=\"async\" src=\"https:\/\/www.toplinemd.com\/wp-content\/uploads\/2023\/07\/Coventry.png\" alt=\"Coventry logo\">\n        <small>Coventry<\/small>\n    <\/div> \n\n    <div class=\"ai-info\">\n        <img decoding=\"async\" src=\"https:\/\/www.toplinemd.com\/wp-content\/uploads\/2023\/07\/devoted-health-plans-logo.jpg\" alt=\"Devoted Healtcare Plan logo\">\n        <small>Devoted Health Plan<\/small>\n    <\/div>\n\n    <div class=\"ai-info\">\n        <img decoding=\"async\" src=\"https:\/\/www.toplinemd.com\/wp-content\/uploads\/2023\/07\/dimension-insuraces.jpg\" alt=\"Dimension insurances logo\">\n        <small>Dimension<\/small>\n    <\/div>\n\n    <div class=\"ai-info\">\n        <img decoding=\"async\" src=\"https:\/\/www.toplinemd.com\/wp-content\/uploads\/2023\/07\/Evolutions-healthcare.png\" alt=\"Evolutions logo\">\n        <small>Evolutions<\/small>\n    <\/div>\n\n    <div class=\"ai-info\">\n        <img decoding=\"async\" src=\"https:\/\/www.toplinemd.com\/wp-content\/uploads\/2023\/07\/FHA-logo.jpg\" alt=\"FHA insurances logo\">\n        <small>FHA<\/small>\n    <\/div>\n\n    <div class=\"ai-info\">\n        <img decoding=\"async\" src=\"https:\/\/www.toplinemd.com\/wp-content\/uploads\/2023\/07\/Global-Health.jpg\" alt=\"Global Health\">\n        <small>Global Health<\/small>\n    <\/div>\n\n    <div class=\"ai-info\">\n        <img decoding=\"async\" src=\"https:\/\/www.toplinemd.com\/wp-content\/uploads\/2023\/07\/Humana.png\" alt=\"Humana\">\n        <small>Humana<\/small>\n    <\/div>\n\n    <div class=\"ai-info\">\n        <img decoding=\"async\" src=\"https:\/\/www.toplinemd.com\/wp-content\/uploads\/2023\/07\/Humana.png\" alt=\"Humana\">\n        <small>Humana Medicare<\/small>\n    <\/div>\n\n    <div class=\"ai-info\">\n        <img decoding=\"async\" src=\"https:\/\/www.toplinemd.com\/wp-content\/uploads\/2023\/07\/medCare-ecs.jpg\" alt=\"Medicare\">\n        <small>MedCare<\/small>\n    <\/div>   \n\n    <div class=\"ai-info\">\n        <img decoding=\"async\" src=\"https:\/\/www.toplinemd.com\/wp-content\/uploads\/2023\/07\/MultiPlan.png\" alt=\"MultiPlan logo\">\n        <small>MultiPlan<\/small>\n    <\/div> \n\n   \n    <div class=\"ai-info\">\n        <img decoding=\"async\" src=\"https:\/\/www.toplinemd.com\/wp-content\/uploads\/2023\/07\/oscar-insurance.png\" alt=\"Oscars Healtcare Plan logo\">\n        <small>Oscars Health Plan<\/small>\n    <\/div> \n\n    <div class=\"ai-info\">\n        <img decoding=\"async\" src=\"https:\/\/www.toplinemd.com\/wp-content\/uploads\/2023\/07\/Prominence-Health-Plan.png\" alt=\"Prominence Health Plan logo\">\n        <small>Prominence Health Plan<\/small>\n    <\/div> \n\n    <div class=\"ai-info\">\n        <img decoding=\"async\" src=\"https:\/\/www.toplinemd.com\/wp-content\/uploads\/2023\/07\/Tricare.png\" alt=\"Tricare logo\">\n        <small>Tricare<\/small>\n    <\/div> \n\n    <div class=\"ai-info\">\n        <img decoding=\"async\" src=\"https:\/\/www.toplinemd.com\/wp-content\/uploads\/2023\/07\/UH-NHP.jpg\" alt=\"UHC NHP Logo\">\n        <small>UHC\/NHP<\/small>\n    <\/div> \n\n    <div class=\"ai-info\">\n        <img decoding=\"async\" src=\"https:\/\/www.toplinemd.com\/wp-content\/uploads\/2023\/07\/UH-NHP.jpg\" alt=\"UHC NHP Logo\">\n        <small>UHC\/NHP Medicare<\/small>\n    <\/div> \n\n<\/div><\/div><\/div><\/div><\/div><div class=\"fusion-fullwidth fullwidth-box fusion-builder-row-3 nonhundred-percent-fullwidth non-hundred-percent-height-scrolling fusion-equal-height-columns prim-care1-home-sec3\" style=\"--awb-border-radius-top-left:0px;--awb-border-radius-top-right:0px;--awb-border-radius-bottom-right:0px;--awb-border-radius-bottom-left:0px;--awb-padding-top:60px;--awb-padding-bottom:40px;--awb-background-color:#2296e7;--awb-flex-wrap:wrap;\" ><div class=\"fusion-builder-row fusion-row\"><div class=\"fusion-layout-column fusion_builder_column fusion-builder-column-2 fusion_builder_column_1_2 1_2 fusion-one-half fusion-column-first fusion-animated contact-info\" style=\"--awb-padding-bottom:30px;--awb-padding-left:5%;--awb-bg-size:cover;width:50%;width:calc(50% - ( ( 4% ) * 0.5 ) );margin-right: 4%;\" data-animationType=\"fadeInLeft\" data-animationDuration=\"0.6\" data-animationOffset=\"top-into-view\" data-scroll-devices=\"small-visibility,medium-visibility,large-visibility\"><div class=\"fusion-column-wrapper fusion-column-has-shadow fusion-flex-column-wrapper-legacy\"><div class=\"fusion-column-content-centered\"><div class=\"fusion-column-content\"><div class=\"fusion-title title fusion-title-2 fusion-sep-none fusion-title-text fusion-title-size-two\" style=\"--awb-text-color:#ffffff;--awb-margin-bottom:20px;\"><h2 class=\"fusion-title-heading title-heading-left fusion-responsive-typography-calculated\" style=\"margin:0;--fontSize:40;line-height:1.5;\">Our Office<\/h2><\/div><ul style=\"--awb-size:20px;--awb-textcolor:#ffffff;--awb-line-height:34px;--awb-icon-width:34px;--awb-icon-height:34px;--awb-icon-margin:14px;--awb-content-margin:48px;\" class=\"fusion-checklist fusion-checklist-1 fusion-checklist-default type-icons\"><li class=\"fusion-li-item\" style=\"\"><span class=\"icon-wrapper circle-no\"><i class=\"fusion-li-icon fa-map-marker-alt fas\" aria-hidden=\"true\"><\/i><\/span><div class=\"fusion-li-item-content\"><span style=\"color: #ffffff;\"><a style=\"color: #ffffff;\" href=\"https:\/\/maps.app.goo.gl\/nDkkdCSze1i1z51i7\" target=\"_blank\" rel=\"noopener\">7700 N. Kendall Dr, Suite 200, Miami, FL 33156<\/a><\/span><\/div><\/li><li class=\"fusion-li-item\" style=\"\"><span class=\"icon-wrapper circle-no\"><i class=\"fusion-li-icon fa-phone-alt fas\" aria-hidden=\"true\"><\/i><\/span><div class=\"fusion-li-item-content\">\n<p><span style=\"color: #ffffff;\"><a style=\"color: #ffffff;\" href=\"tel:+17864728311\">(786) 472-8311<\/a><\/span><\/p>\n<\/div><\/li><li class=\"fusion-li-item\" style=\"\"><span class=\"icon-wrapper circle-no\"><i class=\"fusion-li-icon fa-fax fas\" aria-hidden=\"true\"><\/i><\/span><div class=\"fusion-li-item-content\">\n<p><span style=\"color: #ffffff;\"><a style=\"color: #ffffff;\" href=\"fax:+17865202579\">(786) 520-2579<\/a><\/span><\/p>\n<\/div><\/li><\/ul><\/div><\/div><div class=\"fusion-clearfix\"><\/div><\/div><\/div><div class=\"fusion-layout-column fusion_builder_column fusion-builder-column-3 fusion_builder_column_1_2 1_2 fusion-one-half fusion-column-last fusion-animated contact-info\" style=\"--awb-padding-left:5%;--awb-bg-size:cover;width:50%;width:calc(50% - ( ( 4% ) * 0.5 ) );\" data-animationType=\"fadeInRight\" data-animationDuration=\"0.6\" data-animationOffset=\"top-into-view\" data-scroll-devices=\"small-visibility,medium-visibility,large-visibility\"><div class=\"fusion-column-wrapper fusion-column-has-shadow fusion-flex-column-wrapper-legacy\"><div class=\"fusion-column-content-centered\"><div class=\"fusion-column-content\"><div class=\"fusion-title title fusion-title-3 fusion-sep-none fusion-title-text fusion-title-size-two\" style=\"--awb-text-color:#ffffff;--awb-margin-bottom:20px;\"><h2 class=\"fusion-title-heading title-heading-left fusion-responsive-typography-calculated\" style=\"margin:0;--fontSize:40;line-height:1.5;\">Office Hours<\/h2><\/div><div class=\"fusion-text fusion-text-1\"><p class=\"prim-care1-p-20\" style=\"color: #fff; font-weight: 400; margin-bottom: 5px;\">Monday \u2013 08:30 AM \u2013 05:00 PM<\/p>\n<p class=\"prim-care1-p-20\" style=\"color: #fff; font-weight: 400; margin-bottom: 5px;\">Tuesday \u2013 08:30 AM \u2013 05:00 PM<\/p>\n<p class=\"prim-care1-p-20\" style=\"color: #fff; font-weight: 400; margin-bottom: 5px;\">Wednesday \u2013 08:30 AM \u2013 05:00 PM<\/p>\n<p class=\"prim-care1-p-20\" style=\"color: #fff; font-weight: 400; margin-bottom: 5px;\">Thursday \u2013 08:30 AM \u2013 05:00 PM<\/p>\n<p class=\"prim-care1-p-20\" style=\"color: #fff; font-weight: 400; margin-bottom: 5px;\">Friday \u2013 08:30 AM \u2013 05:00 PM<\/p>\n<\/div><\/div><\/div><div class=\"fusion-clearfix\"><\/div><\/div><\/div><\/div><\/div>\n<div class=\"fusion-fullwidth fullwidth-box fusion-builder-row-4 fusion-parallax-none nonhundred-percent-fullwidth non-hundred-percent-height-scrolling prim-care1-home-sec6\" style=\"--awb-border-radius-top-left:0px;--awb-border-radius-top-right:0px;--awb-border-radius-bottom-right:0px;--awb-border-radius-bottom-left:0px;--awb-padding-top:5%;--awb-padding-bottom:5%;--awb-background-image:linear-gradient(180deg, rgba(255,255,255,0.8) 0%,rgba(255,255,255,0.8) 100%),url(https:\/\/www.toplinemd.com\/derm-360\/wp-content\/uploads\/sites\/278\/2023\/07\/Patient-Feedback.jpg);;--awb-background-size:cover;--awb-flex-wrap:wrap;\" ><div class=\"fusion-builder-row fusion-row\"><div class=\"fusion-layout-column fusion_builder_column fusion-builder-column-4 fusion_builder_column_1_1 1_1 fusion-one-full fusion-column-first fusion-column-last fusion-column-no-min-height\" style=\"--awb-bg-size:cover;\"><div class=\"fusion-column-wrapper fusion-column-has-shadow fusion-flex-column-wrapper-legacy\"><div class=\"fusion-text fusion-text-2\"><h2 style=\"text-align: center;margin-bottom: 0.7em\">Patient Feedback<\/h2>\n<\/div><div class=\"fusion-testimonials clean awb-speech-bubble-show fusion-testimonials-1 testimonials-sec\" style=\"--awb-textcolor:#000000;--awb-backgroundcolor:rgba(246,246,246,0);--awb-testimonial-border-style:solid;--awb-testimonial-border-color:var(--awb-color3);--awb-border-top-left-radius:0px;--awb-border-top-right-radius:0px;--awb-border-bottom-left-radius:0px;--awb-border-bottom-right-radius:0px;--testimonial-border-width-top:0px;--testimonial-border-width-right:0px;--testimonial-border-width-bottom:0px;--testimonial-border-width-left:0px;\" data-random=\"0\" data-speed=\"20000\"><div class=\"reviews\"><div class=\"review active-testimonial avatar-above no-avatar\"><blockquote class=\"testimonials-shortcode-blockquote\"><div class=\"awb-quote\"><div class=\"awb-quote-content\">\n<p style=\"text-align: center\">Dr. Kristin Haushalter She is one of the best she listens and she really understands I have a skin condition called hs but let me tell you something it\u2019s not easy living with HS but she makes it easy and manageable. all I can say is she truly amazing. So glad i found you Thank you Dr. Kristin Haushalter.<\/p>\n<\/div><\/div><\/blockquote><div class=\"author\"><span class=\"company-name\"><strong>P. J.<\/strong><\/span><\/div><\/div><div class=\"review avatar-above no-avatar\"><blockquote class=\"testimonials-shortcode-blockquote\"><div class=\"awb-quote\"><div class=\"awb-quote-content\">\n<p style=\"text-align: center\">I really like coming to see Dr. Haushalter. She is genuinely concerned about the well-being of her patients, and pays particular attention to any concerns that her patients presents. She quickly addresses them. She has an easy and professional manner. Her staff is very competent and friendly, and frankly I enjoy going to the dermatologist\u2026 although sometimes it results in some pain. I usually leave with a smile because I know, I have gotten the best possible care.<\/p>\n<\/div><\/div><\/blockquote><div class=\"author\"><span class=\"company-name\"><strong>Y. M.<\/strong><\/span><\/div><\/div><div class=\"review avatar-above no-avatar\"><blockquote class=\"testimonials-shortcode-blockquote\"><div class=\"awb-quote\"><div class=\"awb-quote-content\">\n<p style=\"text-align: center\">Dr Haushalter is very professional and caring. Her staff is efficient and competent. Their waiting room was clean, bright and not over-crowded. I highly recommend her to my family and friends.<\/p>\n<\/div><\/div><\/blockquote><div class=\"author\"><span class=\"company-name\"><strong>G. M.<\/strong><\/span><\/div><\/div><div class=\"review avatar-above male\"><div class=\"testimonial-thumbnail doe\"><\/div><blockquote class=\"has-transparent-color\"><div class=\"awb-quote\"><div class=\"awb-quote-content\">Great doctor took time to explain and very experience ..Office staff was very knowledgeable and on time Great experience very clean will recommend highly<\/div><\/div><\/blockquote><div class=\"author\"><span class=\"company-name\"><strong>G.M.<\/strong>, <span>Your Content Goes Here<\/span><\/span><\/div><\/div><div class=\"review avatar-above male\"><div class=\"testimonial-thumbnail doe\"><\/div><blockquote class=\"has-transparent-color\"><div class=\"awb-quote\"><div class=\"awb-quote-content\">\n<p>Ch\u00e8re madame Haushalter, je n\u2019ai pas de mots assez fort pour d\u00e9crire l\u2019exp\u00e9rience que j\u2019ai eu avec vous.. en plus d\u2019\u00eatre un docteur incroyable et tr\u00e8s professionnel, vous \u00eates une personne tr\u00e8s humaine, gentille rassurante comme on aimerait en trouver plus ce qui malheureusement n\u2019est pas le cas dans beaucoup d\u2019autres cliniques. On voit tout de suite que vous aimez ce que vous faites et que vous savez de quoi vous parlez. Votre exp\u00e9rience nous rassure et nous met en confiance imm\u00e9diatement. Je vous recommande \u00e0 200 % et je suis tr\u00e8s heureux d\u2019avoir fait votre connaissance. Merci encore 1000 fois \u00e0 tr\u00e8s bient\u00f4t.\ud83e\udef6<\/p>\n<\/div><\/div><\/blockquote><div class=\"author\"><span class=\"company-name\"><strong>P.M.<\/strong>, <span>Your Content Goes Here<\/span><\/span><\/div><\/div><div class=\"review avatar-above male\"><div class=\"testimonial-thumbnail doe\"><\/div><blockquote class=\"has-transparent-color\"><div class=\"awb-quote\"><div class=\"awb-quote-content\">\n<p>Dr. Haushalter is an amazing dermatologist. She is kind, reassuring, friendly and very intelligent. Her staff is also very helpful and the office is beautiful, organic, tidy and zen. She is wonderful!<\/p>\n<\/div><\/div><\/blockquote><div class=\"author\"><span class=\"company-name\"><strong>S.J.<\/strong>, <span>Your Content Goes Here<\/span><\/span><\/div><\/div><div class=\"review avatar-above male\"><div class=\"testimonial-thumbnail doe\"><\/div><blockquote class=\"has-transparent-color\"><div class=\"awb-quote\"><div class=\"awb-quote-content\">\n<p>Dr. H is an amazing Dr and very knowledgeable. From the moment she walks in, she makes you feel so welcome and explains everything and listens to all your concerns without feeling rushed. Very natural, understanding and humble person.<\/p>\n<\/div><\/div><\/blockquote><div class=\"author\"><span class=\"company-name\"><strong>L.L.<\/strong>, <span>Your Content Goes Here<\/span><\/span><\/div><\/div><div class=\"review avatar-above male\"><div class=\"testimonial-thumbnail doe\"><\/div><blockquote class=\"has-transparent-color\"><div class=\"awb-quote\"><div class=\"awb-quote-content\">\n<p>Great team . Very nice people. I never asked about parking and got lost, but if you call them, they will explain parking directions<br \/>\nThe Doctor is brilliant ,<br \/>\nI love they IVR greeting ( message you heard when you call) \u2013 it\u2019s true live people answer the phone<\/p>\n<\/div><\/div><\/blockquote><div class=\"author\"><span class=\"company-name\"><strong>A.G.<\/strong>, <span>Your Content Goes Here<\/span><\/span><\/div><\/div><\/div><div class=\"testimonial-pagination\" id=\"fusion-testimonials-1\"><a href=\"#\" aria-label=\"Testimonial Pagination\"  class=\"activeSlide\"><\/a><a href=\"#\" aria-label=\"Testimonial Pagination\" ><\/a><a href=\"#\" aria-label=\"Testimonial Pagination\" ><\/a><a href=\"#\" aria-label=\"Testimonial Pagination\" ><\/a><a href=\"#\" aria-label=\"Testimonial Pagination\" ><\/a><a href=\"#\" aria-label=\"Testimonial Pagination\" ><\/a><a href=\"#\" aria-label=\"Testimonial Pagination\" ><\/a><a href=\"#\" aria-label=\"Testimonial Pagination\" ><\/a><\/div><\/div><div class=\"fusion-clearfix\"><\/div><\/div><\/div><\/div><\/div>\n<div class=\"fusion-fullwidth fullwidth-box fusion-builder-row-5 hundred-percent-fullwidth non-hundred-percent-height-scrolling prim-care1-logos-footer\" style=\"--awb-border-radius-top-left:0px;--awb-border-radius-top-right:0px;--awb-border-radius-bottom-right:0px;--awb-border-radius-bottom-left:0px;--awb-padding-top:30px;--awb-padding-bottom:30px;--awb-padding-left:60px;--awb-background-color:#f0f3f6;--awb-flex-wrap:wrap;\" ><div class=\"fusion-builder-row fusion-row\"><div class=\"fusion-layout-column fusion_builder_column fusion-builder-column-5 fusion_builder_column_1_2 1_2 fusion-one-half fusion-column-first logo-footer\" style=\"--awb-padding-top:40px;--awb-bg-size:cover;width:50%;width:calc(50% - ( ( 0 ) * 0.5 ) );margin-right: 0px;\"><div class=\"fusion-column-wrapper fusion-column-has-shadow fusion-flex-column-wrapper-legacy\"><div class=\"fusion-image-element in-legacy-container\" style=\"--awb-caption-title-font-family:var(--h2_typography-font-family);--awb-caption-title-font-weight:var(--h2_typography-font-weight);--awb-caption-title-font-style:var(--h2_typography-font-style);--awb-caption-title-size:var(--h2_typography-font-size);--awb-caption-title-transform:var(--h2_typography-text-transform);--awb-caption-title-line-height:var(--h2_typography-line-height);--awb-caption-title-letter-spacing:var(--h2_typography-letter-spacing);\"><span class=\" fusion-imageframe imageframe-none imageframe-1 hover-type-none\"><a class=\"fusion-no-lightbox\" href=\"\/derm-360\/\" target=\"_self\" aria-label=\"360-derm logo\"><img decoding=\"async\" width=\"270\" height=\"100\" src=\"https:\/\/www.toplinemd.com\/derm-360\/wp-content\/uploads\/sites\/278\/2023\/07\/360-derm-logo.jpg\" alt class=\"img-responsive wp-image-1436\" srcset=\"https:\/\/www.toplinemd.com\/derm-360\/wp-content\/uploads\/sites\/278\/2023\/07\/360-derm-logo-200x74.jpg 200w, https:\/\/www.toplinemd.com\/derm-360\/wp-content\/uploads\/sites\/278\/2023\/07\/360-derm-logo.jpg 270w\" sizes=\"(max-width: 1024px) 100vw, 270px\" \/><\/a><\/span><\/div><div class=\"fusion-clearfix\"><\/div><\/div><\/div><div class=\"fusion-layout-column fusion_builder_column fusion-builder-column-6 fusion_builder_column_1_2 1_2 fusion-one-half fusion-column-last logo-footer\" style=\"--awb-padding-top:40px;--awb-bg-size:cover;width:50%;width:calc(50% - ( ( 0 ) * 0.5 ) );\"><div class=\"fusion-column-wrapper fusion-column-has-shadow fusion-flex-column-wrapper-legacy\"><div class=\"fusion-image-element in-legacy-container\" style=\"--awb-max-width:270px;--awb-caption-title-font-family:var(--h2_typography-font-family);--awb-caption-title-font-weight:var(--h2_typography-font-weight);--awb-caption-title-font-style:var(--h2_typography-font-style);--awb-caption-title-size:var(--h2_typography-font-size);--awb-caption-title-transform:var(--h2_typography-text-transform);--awb-caption-title-line-height:var(--h2_typography-line-height);--awb-caption-title-letter-spacing:var(--h2_typography-letter-spacing);\"><span class=\" fusion-imageframe imageframe-none imageframe-2 hover-type-none\"><img decoding=\"async\" width=\"740\" height=\"175\" title=\"topline-corporate-logo\" src=\"https:\/\/www.toplinemd.com\/derm-360\/wp-content\/uploads\/sites\/278\/2020\/05\/topline-corporate-logo.png\" alt class=\"img-responsive wp-image-1361\" srcset=\"https:\/\/www.toplinemd.com\/derm-360\/wp-content\/uploads\/sites\/278\/2020\/05\/topline-corporate-logo-200x47.png 200w, https:\/\/www.toplinemd.com\/derm-360\/wp-content\/uploads\/sites\/278\/2020\/05\/topline-corporate-logo-400x95.png 400w, https:\/\/www.toplinemd.com\/derm-360\/wp-content\/uploads\/sites\/278\/2020\/05\/topline-corporate-logo-600x142.png 600w, https:\/\/www.toplinemd.com\/derm-360\/wp-content\/uploads\/sites\/278\/2020\/05\/topline-corporate-logo.png 740w\" sizes=\"(max-width: 1024px) 100vw, 740px\" \/><\/span><\/div><div class=\"fusion-clearfix\"><\/div><\/div><\/div><\/div><\/div>\n<\/p>\n","protected":false},"excerpt":{"rendered":"","protected":false},"author":13,"featured_media":0,"parent":0,"menu_order":0,"comment_status":"closed","ping_status":"closed","template":"100-width.php","meta":{"footnotes":"","_links_to":"","_links_to_target":""},"class_list":["post-1421","page","type-page","status-publish","hentry"],"aioseo_notices":[],"_links":{"self":[{"href":"https:\/\/www.toplinemd.com\/derm-360\/wp-json\/wp\/v2\/pages\/1421","targetHints":{"allow":["GET"]}}],"collection":[{"href":"https:\/\/www.toplinemd.com\/derm-360\/wp-json\/wp\/v2\/pages"}],"about":[{"href":"https:\/\/www.toplinemd.com\/derm-360\/wp-json\/wp\/v2\/types\/page"}],"author":[{"embeddable":true,"href":"https:\/\/www.toplinemd.com\/derm-360\/wp-json\/wp\/v2\/users\/13"}],"replies":[{"embeddable":true,"href":"https:\/\/www.toplinemd.com\/derm-360\/wp-json\/wp\/v2\/comments?post=1421"}],"version-history":[{"count":0,"href":"https:\/\/www.toplinemd.com\/derm-360\/wp-json\/wp\/v2\/pages\/1421\/revisions"}],"wp:attachment":[{"href":"https:\/\/www.toplinemd.com\/derm-360\/wp-json\/wp\/v2\/media?parent=1421"}],"curies":[{"name":"wp","href":"https:\/\/api.w.org\/{rel}","templated":true}]}}